{"id":482,"date":"2025-05-07T08:58:49","date_gmt":"2025-05-07T08:58:49","guid":{"rendered":"https:\/\/filosofia.ghost.uem.mz\/?page_id=482"},"modified":"2025-05-07T08:58:49","modified_gmt":"2025-05-07T08:58:49","slug":"doutoramento-em-filosofia","status":"publish","type":"page","link":"https:\/\/filosofia.uem.mz\/index.php\/doutoramento-em-filosofia\/","title":{"rendered":"Doutoramento em Filosofia"},"content":{"rendered":"\t\t<div data-elementor-type=\"wp-page\" data-elementor-id=\"482\" class=\"elementor elementor-482\">\n\t\t\t\t<div class=\"elementor-element elementor-element-3022c43 e-flex e-con-boxed e-con e-parent\" data-id=\"3022c43\" data-element_type=\"container\">\n\t\t\t\t\t<div class=\"e-con-inner\">\n\t\t\t\t<div class=\"elementor-element elementor-element-15a2016 elementor-widget elementor-widget-heading\" data-id=\"15a2016\" data-element_type=\"widget\" data-widget_type=\"heading.default\">\n\t\t\t\t\t<h2 class=\"elementor-heading-title elementor-size-default\">Doutoramento Acad\u00e9mico em Filosofia<\/h2>\t\t\t\t<\/div>\n\t\t\t\t\t<\/div>\n\t\t\t\t<\/div>\n\t\t<div class=\"elementor-element elementor-element-313bd82 e-flex e-con-boxed e-con e-parent\" data-id=\"313bd82\" data-element_type=\"container\">\n\t\t\t\t\t<div class=\"e-con-inner\">\n\t\t\t\t<div class=\"elementor-element elementor-element-2695022 elementor-widget elementor-widget-text-editor\" data-id=\"2695022\" data-element_type=\"widget\" data-widget_type=\"text-editor.default\">\n\t\t\t\t\t\t\t\t\t<p><strong>PLANO DE ESTUDOS\u00a0<\/strong><\/p><table width=\"720\"><tbody><tr><td rowspan=\"2\" width=\"28\"><p><strong>Ano<\/strong><\/p><\/td><td rowspan=\"2\" width=\"38\"><p><strong>Semestre<\/strong><\/p><\/td><td rowspan=\"2\" width=\"236\"><p><strong>Disciplina<\/strong><\/p><\/td><td rowspan=\"2\" width=\"104\"><p><strong>Tipo de Disciplina<\/strong><\/p><\/td><td rowspan=\"2\" width=\"66\"><p><strong>C\u00f3digos<\/strong><\/p><\/td><td rowspan=\"2\" width=\"38\"><p><strong>H\/S<a href=\"#_ftn1\" name=\"_ftnref1\"><sup>[1]<\/sup><\/a><\/strong><\/p><\/td><td colspan=\"2\" width=\"113\"><p><strong>Carga Hor\u00e1ria Semanal<\/strong><\/p><\/td><td rowspan=\"2\" width=\"47\"><p><strong>Total<\/strong><\/p><\/td><td rowspan=\"2\" width=\"49\"><p><strong>N\u00ba de Cr\u00e9ditos<\/strong><\/p><\/td><\/tr><tr><td width=\"57\"><p><strong>HCD<a href=\"#_ftn2\" name=\"_ftnref2\"><sup>[2]<\/sup><\/a><\/strong><\/p><\/td><td width=\"57\"><p><strong>HEI<a href=\"#_ftn3\" name=\"_ftnref3\"><sup>[3]<\/sup><\/a><\/strong><\/p><\/td><\/tr><tr><td rowspan=\"4\" width=\"28\"><p><strong>1\u00ba<\/strong><\/p><\/td><td rowspan=\"2\" width=\"38\"><p><strong>1\u00ba<\/strong><\/p><\/td><td width=\"236\"><p>Hist\u00f3ria da Filosofia<\/p><\/td><td width=\"104\"><p>Obrigat\u00f3ria<\/p><\/td><td width=\"66\"><p>DO01<\/p><\/td><td width=\"38\"><p>6<\/p><\/td><td width=\"57\"><p>48<\/p><\/td><td width=\"57\"><p>402<\/p><\/td><td width=\"47\"><p>450<\/p><\/td><td width=\"49\"><p><strong>15<\/strong><\/p><\/td><\/tr><tr><td width=\"236\"><p>Filosofia da Natureza e do Homem<\/p><\/td><td width=\"104\"><p>Obrigat\u00f3ria<\/p><\/td><td width=\"66\"><p>DO02<\/p><\/td><td width=\"38\"><p>6<\/p><\/td><td width=\"57\"><p>48<\/p><\/td><td width=\"57\"><p>402<\/p><\/td><td width=\"47\"><p>450<\/p><\/td><td width=\"49\"><p><strong>15<\/strong><\/p><\/td><\/tr><tr><td rowspan=\"2\" width=\"38\"><p><strong>2\u00ba<\/strong><\/p><\/td><td width=\"236\"><p>Filosofia, Educa\u00e7\u00e3o, Sociedade e Cultura<\/p><\/td><td width=\"104\"><p>Obrigat\u00f3ria<\/p><\/td><td width=\"66\"><p>DO03<\/p><\/td><td width=\"38\"><p>6<\/p><\/td><td width=\"57\"><p>48<\/p><\/td><td width=\"57\"><p>402<\/p><\/td><td width=\"47\"><p>450<\/p><\/td><td width=\"49\"><p><strong>15<\/strong><\/p><\/td><\/tr><tr><td width=\"236\"><p>Epistemologia, Filosofia das Ci\u00eancias e Tecnologia<\/p><\/td><td width=\"104\"><p>Obrigat\u00f3ria<\/p><\/td><td width=\"66\"><p>DO04<\/p><\/td><td width=\"38\"><p>6<\/p><\/td><td width=\"57\"><p>48<\/p><\/td><td width=\"57\"><p>402<\/p><\/td><td width=\"47\"><p>450<\/p><\/td><td width=\"49\"><p><strong>15<\/strong><\/p><\/td><\/tr><tr><td rowspan=\"6\" width=\"28\"><p><strong>2\u00ba <\/strong><\/p><\/td><td rowspan=\"6\" width=\"38\"><p><strong>3\u00ba e 4\u00ba<\/strong><\/p><\/td><td width=\"236\"><p>Filosofia, Pol\u00edtica e Religi\u00e3o<\/p><\/td><td width=\"104\"><p>Obrigat\u00f3ria<\/p><\/td><td width=\"66\"><p>DO05<\/p><\/td><td width=\"38\"><p>6<\/p><\/td><td width=\"57\"><p>48<\/p><\/td><td width=\"57\"><p>402<\/p><\/td><td width=\"47\"><p>450<\/p><\/td><td width=\"49\"><p><strong>15<\/strong><\/p><\/td><\/tr><tr><td width=\"236\"><p>\u00c9tica<\/p><\/td><td width=\"104\"><p>Obrigat\u00f3ria<\/p><\/td><td width=\"66\"><p>DO06<\/p><\/td><td width=\"38\"><p>6<\/p><\/td><td width=\"57\"><p>48<\/p><\/td><td width=\"57\"><p>40 2<\/p><\/td><td width=\"47\"><p>450<\/p><\/td><td width=\"49\"><p><strong>15<\/strong><\/p><\/td><\/tr><tr><td width=\"236\"><p>Semin\u00e1rio de Pesquisa I<\/p><\/td><td width=\"104\"><p>Obrigat\u00f3ria<\/p><\/td><td width=\"66\"><p>DO07<\/p><\/td><td width=\"38\"><p>6<\/p><\/td><td width=\"57\"><p>24<\/p><\/td><td width=\"57\"><p>456<\/p><\/td><td width=\"47\"><p>480<\/p><\/td><td width=\"49\"><p><strong>16<\/strong><\/p><\/td><\/tr><tr><td width=\"236\"><p>Semin\u00e1rio de Pesquisa II<\/p><\/td><td width=\"104\"><p>Opcional<\/p><\/td><td width=\"66\"><p>DOP02<\/p><\/td><td rowspan=\"2\" width=\"38\"><p>\u00a0 6<\/p><\/td><td rowspan=\"2\" width=\"57\"><p>\u00a0\u00a0 24<\/p><\/td><td rowspan=\"2\" width=\"57\"><p>216<\/p><\/td><td rowspan=\"2\" width=\"47\"><p>240<\/p><\/td><td rowspan=\"2\" width=\"49\"><p><strong>\u00a0\u00a0 8<\/strong><\/p><\/td><\/tr><tr><td width=\"236\"><p>Semin\u00e1rio de Pesquisa III<\/p><\/td><td width=\"104\"><p>Opcional<\/p><\/td><td width=\"66\"><p>DOP02<\/p><\/td><\/tr><tr><td colspan=\"8\" width=\"654\"><p><strong>Qualifica\u00e7\u00e3o do Projecto de Pesquisa<\/strong><\/p><\/td><\/tr><tr><td rowspan=\"2\" width=\"28\"><p><strong>3\u00ba<\/strong><\/p><\/td><td width=\"38\"><p><strong>5\u00ba<\/strong><\/p><\/td><td colspan=\"3\" width=\"406\"><p>Publica\u00e7\u00e3o de artigo cient\u00edfico<\/p><\/td><td width=\"38\"><p>0<\/p><\/td><td width=\"57\"><p>0<\/p><\/td><td width=\"57\"><p>300<\/p><\/td><td width=\"47\"><p>300<\/p><\/td><td width=\"49\"><p><strong>10<\/strong><\/p><\/td><\/tr><tr><td width=\"38\"><p><strong>6\u00ba<\/strong><\/p><\/td><td colspan=\"3\" width=\"406\"><p>Participa\u00e7\u00e3o em eventos cient\u00edficos<\/p><\/td><td width=\"38\"><p>0<\/p><\/td><td width=\"57\"><p>0<\/p><\/td><td width=\"57\"><p>150<\/p><\/td><td width=\"47\"><p>150<\/p><\/td><td width=\"49\"><p><strong>5<\/strong><\/p><\/td><\/tr><tr><td rowspan=\"2\" width=\"28\"><p><strong>4\u00ba<\/strong><\/p><\/td><td width=\"38\"><p><strong>7\u00ba<\/strong><\/p><\/td><td colspan=\"3\" rowspan=\"2\" width=\"406\"><p>Tese<\/p><\/td><td rowspan=\"2\" width=\"38\"><p>0<\/p><\/td><td rowspan=\"2\" width=\"57\"><p>0<\/p><\/td><td rowspan=\"2\" width=\"57\"><p>1530<\/p><\/td><td rowspan=\"2\" width=\"47\"><p>1530<\/p><\/td><td rowspan=\"2\" width=\"49\"><p><strong>51<\/strong><\/p><\/td><\/tr><tr><td width=\"38\"><p><strong>8\u00ba<\/strong><\/p><\/td><\/tr><tr><td colspan=\"5\" width=\"473\"><p><strong>TOTAL<\/strong><\/p><\/td><td width=\"38\"><p><strong>48<\/strong><\/p><\/td><td width=\"57\"><p><strong>336<\/strong><\/p><\/td><td width=\"57\"><p><strong>5064<\/strong><\/p><\/td><td width=\"47\"><p><strong>5400<\/strong><\/p><\/td><td width=\"49\"><p><strong>180<\/strong><\/p><\/td><\/tr><\/tbody><\/table><p><a href=\"#_ftnref1\" name=\"_ftn1\">[1]<\/a> Horas Semanais.<\/p><p><a href=\"#_ftnref2\" name=\"_ftn2\">[2]<\/a> Horas de Contacto Directo.<\/p><p><a href=\"#_ftnref3\" name=\"_ftn3\">[3]<\/a> Horas do Estudo Independente<\/p>\t\t\t\t\t\t\t\t<\/div>\n\t\t\t\t\t<\/div>\n\t\t\t\t<\/div>\n\t\t\t\t<\/div>\n\t\t","protected":false},"excerpt":{"rendered":"<p>Doutoramento Acad\u00e9mico em Filosofia PLANO DE ESTUDOS\u00a0 Ano Semestre Disciplina Tipo de Disciplina C\u00f3digos H\/S[1] Carga Hor\u00e1ria Semanal Total N\u00ba [&hellip;]<\/p>\n","protected":false},"author":1,"featured_media":0,"parent":0,"menu_order":0,"comment_status":"closed","ping_status":"closed","template":"","meta":{"site-sidebar-layout":"no-sidebar","site-content-layout":"","ast-site-content-layout":"full-width-container","site-content-style":"default","site-sidebar-style":"default","ast-global-header-display":"","ast-banner-title-visibility":"","ast-main-header-display":"","ast-hfb-above-header-display":"","ast-hfb-below-header-display":"","ast-hfb-mobile-header-display":"","site-post-title":"disabled","ast-breadcrumbs-content":"","ast-featured-img":"disabled","footer-sml-layout":"","theme-transparent-header-meta":"","adv-header-id-meta":"","stick-header-meta":"","header-above-stick-meta":"","header-main-stick-meta":"","header-below-stick-meta":"","astra-migrate-meta-layouts":"default","ast-page-background-enabled":"default","ast-page-background-meta":{"desktop":{"background-color":"var(--ast-global-color-5)","background-image":"","background-repeat":"repeat","background-position":"center center","background-size":"auto","background-attachment":"scroll","background-type":"","background-media":"","overlay-type":"","overlay-color":"","overlay-opacity":"","overlay-gradient":""},"tablet":{"background-color":"","background-image":"","background-repeat":"repeat","background-position":"center center","background-size":"auto","background-attachment":"scroll","background-type":"","background-media":"","overlay-type":"","overlay-color":"","overlay-opacity":"","overlay-gradient":""},"mobile":{"background-color":"","background-image":"","background-repeat":"repeat","background-position":"center center","background-size":"auto","background-attachment":"scroll","background-type":"","background-media":"","overlay-type":"","overlay-color":"","overlay-opacity":"","overlay-gradient":""}},"ast-content-background-meta":{"desktop":{"background-color":"var(--ast-global-color-4)","background-image":"","background-repeat":"repeat","background-position":"center center","background-size":"auto","background-attachment":"scroll","background-type":"","background-media":"","overlay-type":"","overlay-color":"","overlay-opacity":"","overlay-gradient":""},"tablet":{"background-color":"var(--ast-global-color-4)","background-image":"","background-repeat":"repeat","background-position":"center center","background-size":"auto","background-attachment":"scroll","background-type":"","background-media":"","overlay-type":"","overlay-color":"","overlay-opacity":"","overlay-gradient":""},"mobile":{"background-color":"var(--ast-global-color-4)","background-image":"","background-repeat":"repeat","background-position":"center center","background-size":"auto","background-attachment":"scroll","background-type":"","background-media":"","overlay-type":"","overlay-color":"","overlay-opacity":"","overlay-gradient":""}},"footnotes":""},"class_list":["post-482","page","type-page","status-publish","hentry"],"_links":{"self":[{"href":"https:\/\/filosofia.uem.mz\/index.php\/wp-json\/wp\/v2\/pages\/482","targetHints":{"allow":["GET"]}}],"collection":[{"href":"https:\/\/filosofia.uem.mz\/index.php\/wp-json\/wp\/v2\/pages"}],"about":[{"href":"https:\/\/filosofia.uem.mz\/index.php\/wp-json\/wp\/v2\/types\/page"}],"author":[{"embeddable":true,"href":"https:\/\/filosofia.uem.mz\/index.php\/wp-json\/wp\/v2\/users\/1"}],"replies":[{"embeddable":true,"href":"https:\/\/filosofia.uem.mz\/index.php\/wp-json\/wp\/v2\/comments?post=482"}],"version-history":[{"count":0,"href":"https:\/\/filosofia.uem.mz\/index.php\/wp-json\/wp\/v2\/pages\/482\/revisions"}],"wp:attachment":[{"href":"https:\/\/filosofia.uem.mz\/index.php\/wp-json\/wp\/v2\/media?parent=482"}],"curies":[{"name":"wp","href":"https:\/\/api.w.org\/{rel}","templated":true}]}}