{"id":251,"date":"2024-12-18T10:09:28","date_gmt":"2024-12-18T10:09:28","guid":{"rendered":"https:\/\/filosofia.ghost.uem.mz\/?page_id=251"},"modified":"2024-12-18T10:09:28","modified_gmt":"2024-12-18T10:09:28","slug":"pos-graduacao","status":"publish","type":"page","link":"https:\/\/filosofia.uem.mz\/index.php\/pos-graduacao\/","title":{"rendered":"P\u00f3s-Gradua\u00e7\u00e3o"},"content":{"rendered":"\t\t<div data-elementor-type=\"wp-page\" data-elementor-id=\"251\" class=\"elementor elementor-251\">\n\t\t\t\t<div class=\"elementor-element elementor-element-a6257c9 e-flex e-con-boxed e-con e-parent\" data-id=\"a6257c9\" data-element_type=\"container\">\n\t\t\t\t\t<div class=\"e-con-inner\">\n\t\t\t\t<div class=\"elementor-element elementor-element-be91784 elementor-widget elementor-widget-spacer\" data-id=\"be91784\" data-element_type=\"widget\" data-widget_type=\"spacer.default\">\n\t\t\t\t\t\t\t<div class=\"elementor-spacer\">\n\t\t\t<div class=\"elementor-spacer-inner\"><\/div>\n\t\t<\/div>\n\t\t\t\t\t\t<\/div>\n\t\t\t\t\t<\/div>\n\t\t\t\t<\/div>\n\t\t<div class=\"elementor-element elementor-element-ddf29fc e-flex e-con-boxed e-con e-parent\" data-id=\"ddf29fc\" data-element_type=\"container\">\n\t\t\t\t\t<div class=\"e-con-inner\">\n\t\t\t\t<div class=\"elementor-element elementor-element-77ca2f7 elementor-widget elementor-widget-heading\" data-id=\"77ca2f7\" data-element_type=\"widget\" data-widget_type=\"heading.default\">\n\t\t\t\t\t<h2 class=\"elementor-heading-title elementor-size-default\">Mestrado em Filosofia<\/h2>\t\t\t\t<\/div>\n\t\t\t\t<div class=\"elementor-element elementor-element-f780830 elementor-widget elementor-widget-text-editor\" data-id=\"f780830\" data-element_type=\"widget\" data-widget_type=\"text-editor.default\">\n\t\t\t\t\t\t\t\t\t<p>O curso de Mestrado em Filosofia, iniciado na sua primeira edi\u00e7\u00e3o em 2014, ministrado pela Faculdade de Filosofia da Universidade Eduardo Mondlane \u00e9 acad\u00e9mico, compreende, por isso,120 cr\u00e9ditos, distribuidos por 10 disciplinas, 3 Semin\u00e1rios e 1 disserta\u00e7\u00e3o. Tem uma dura\u00e7\u00e3o de 4 semestres, correspondentes a 3.600 horas. As aulas s\u00e3o presenciais e virtuais leccionadas por docentes nacionais e estrangeiros, nossos parceiros de coopera\u00e7\u00e3o, na Faculdade de Filosofia localizada no Campus da UEM. Sendo assim, as aulas decorrem das 16:00 horas as 20:00, de Segunda a Sexta-feira.<\/p><h4><span style=\"color: #000000\"><strong>2.Objectivos do Curso<\/strong><\/span><\/h4><p><strong>2.1 Objectivo Geral<\/strong><\/p><p>O\u00a0 curso de Mestrado em Filosofia visa desenvolver compet\u00eancias de investiga\u00e7\u00e3o e aprofundar o estudo dos principais temas e problemas da Filosofia contempor\u00e2nea, bem como potenciar os mestrandos para um melhor exerc\u00edcio da actividade profissional.<\/p><p><strong>2.2 Objectivos espec\u00edficos<\/strong><\/p><ul><li>Aprofundar temas e problemas contempor\u00e2neos do pensamento filos\u00f3fico e da sociedade actual;<\/li><li>Desenvolver compet\u00eancias cient\u00edficas, profissionais e metodol\u00f3gicas com vista \u00e0 realiza\u00e7\u00e3o coerente de um percurso acad\u00e9mico adequado aos requisitos de uma Universidade de excel\u00eancia e \u00e0s exig\u00eancias da sociedade global;<\/li><li>Promover o estudo sistem\u00e1tico do pensamento filos\u00f3fico mo\u00e7ambicano.<\/li><\/ul><p><strong>3. Perfil Profissional<\/strong><\/p><p>Na \u00e1rea do saber:<\/p><ul><li>Dominar instrumentos metodol\u00f3gicos e cient\u00edficos que permitam a investiga\u00e7\u00e3o em Filosofia, de modo particular, em Ci\u00eancias Sociais e Humanas, de modo geral;<\/li><li>Articular os sabers adquiridos com a inova\u00e7\u00e3o e constru\u00e7\u00e3o pr\u00f3pria do conhecimento cient\u00edfico;<\/li><li>Dominar os instrumentos de an\u00e1lise cr\u00edtica de realidades culturais, sociais e econ\u00f3micas contempor\u00e2neas.<\/li><\/ul><p><strong>Na \u00e1rea do saber fazer:<\/strong><\/p><ul><li>Desenvolver aut\u00f3noma e criativamente a doc\u00eancia, promovendo um ensino de qualidade;<\/li><li>Construir percursos inovadores de investiga\u00e7\u00e3o, assegurando aprendizagens significativas;<\/li><li>Analisar e interpreter criticamente textos bem como realidades sociopol\u00edticas, econ\u00f3micas, culturais e acad\u00e9micas;<\/li><li>Desenvolver a capacidade de an\u00e1lise cr\u00edtica de realidades culturais, sociais e econ\u00f3micas contempor\u00e2neas.<\/li><\/ul><p><strong>Na \u00e1rea do saber ser e estar:<\/strong><\/p><ul><li>Ser permanentemente cr\u00edtico dos problemas da sociedade;<\/li><li>Ser um professional id\u00f3neo, respons\u00e1vel e empenhado na realiza\u00e7\u00e3o dos fins da institui\u00e7\u00e3o, contribuindo para o desenvolvimento;<\/li><li>Observar postura \u00e9tica e deontol\u00f3gica na realiza\u00e7\u00e3o de tarefas;<\/li><li>Ser comunicativo e capaz de se integrar em equipas de trabalho multidisciplinares;<\/li><li>Ser criativo, inovador e empreendedor;<\/li><li>Ser agente de transforma\u00e7\u00e3o social.<\/li><\/ul><p><strong>4. Perfil Ocupacional<\/strong><\/p><p>O Mestre em Filosofia poder\u00e1 exercer fun\u00e7\u00f5es nas seguintes \u00e1reas:<\/p><ul><li>Doc\u00eancia;<\/li><li>Investiga\u00e7\u00e3o cient\u00edfica;<\/li><li>Actividade editorial;<\/li><li>Assessoria cultural;<\/li><li>Rela\u00e7\u00f5es p\u00fablicas e;<\/li><li>Actividades pol\u00edticas e sociais.<\/li><\/ul><p><strong>5. P\u00fablico-alvo<\/strong><\/p><p>Poder\u00e3o ingressar no curso de Mestrado em Filosofia os titulares do grau de Licentura, ou equivalente, em Filosofia ou outro curso das \u00e1reas de Ci\u00eancias Sociais e\/ou Ci\u00eancias Humanas.<\/p><p><strong>6. Elegibilidade<\/strong><\/p><p>De acordo com a lei do Ensino Superior (Lei n. 27\/2009 de 20 de Setembro) e o Regulamento dos Cursos de P\u00f3s\u00adGradua\u00e7\u00e3o da UEM, poder\u00e1 ingressar no curso de Mestrado em Filosofia o\/a candidato\/a que reunir os seguintes requisitos:<\/p><ul><li>Ser titular do grau de Licentura, ou equivalente, em Filosofia ou outro curso das \u00e1reas de Ci\u00eancias Sociais e\/ou Ci\u00eancias Humanas;<\/li><li>Possuir a nota de conclus\u00e3o do grau de Licentura igual ou superior a 14 valores ou n\u00e3o inferior a 12 valores desde que apresente comprovada experi\u00eancia profissional n\u00e3o inferior a 3 anos;<\/li><li>Aprova\u00e7\u00e3o em entrevista de selec\u00e7\u00e3o dos candidatos para o Mestrado em Filosofia, conduzida por uma comiss\u00e3o nomeada para o efeito;<\/li><li>Apresentar a documenta\u00e7\u00e3o completa, nomeadamente:<\/li><\/ul><ul><li>\u00adCarta dirigida ao Director da Faculdade, solicitando admiss\u00e3o como candidato\/a ao Mestrado em Filosofia;<\/li><li>\u00ad&#8221;Curriculum Vitae&#8221; relevante para o curso;<\/li><li>\u00adFotoc\u00f3pia reconhecida dos Certificados do \u00faltimo grau acad\u00e9mico de n\u00edvel superior.<\/li><li>\u00adUm Pr\u00e9\u00adProjecto de pesquisa.<\/li><\/ul><p><strong>7. Dura\u00e7\u00e3o do curso<\/strong><\/p><p>O Curso ter\u00e1 a dura\u00e7\u00e3o de 4 semestres, totalizando 120 cr\u00e9ditos, correspondentes a 3600 horas.<\/p>\t\t\t\t\t\t\t\t<\/div>\n\t\t\t\t\t<\/div>\n\t\t\t\t<\/div>\n\t\t\t\t<\/div>\n\t\t","protected":false},"excerpt":{"rendered":"<p>Mestrado em Filosofia O curso de Mestrado em Filosofia, iniciado na sua primeira edi\u00e7\u00e3o em 2014, ministrado pela Faculdade de [&hellip;]<\/p>\n","protected":false},"author":1,"featured_media":0,"parent":0,"menu_order":0,"comment_status":"closed","ping_status":"closed","template":"","meta":{"site-sidebar-layout":"no-sidebar","site-content-layout":"","ast-site-content-layout":"full-width-container","site-content-style":"default","site-sidebar-style":"default","ast-global-header-display":"","ast-banner-title-visibility":"","ast-main-header-display":"","ast-hfb-above-header-display":"","ast-hfb-below-header-display":"","ast-hfb-mobile-header-display":"","site-post-title":"disabled","ast-breadcrumbs-content":"","ast-featured-img":"disabled","footer-sml-layout":"","theme-transparent-header-meta":"","adv-header-id-meta":"","stick-header-meta":"","header-above-stick-meta":"","header-main-stick-meta":"","header-below-stick-meta":"","astra-migrate-meta-layouts":"default","ast-page-background-enabled":"default","ast-page-background-meta":{"desktop":{"background-color":"var(--ast-global-color-5)","background-image":"","background-repeat":"repeat","background-position":"center center","background-size":"auto","background-attachment":"scroll","background-type":"","background-media":"","overlay-type":"","overlay-color":"","overlay-opacity":"","overlay-gradient":""},"tablet":{"background-color":"","background-image":"","background-repeat":"repeat","background-position":"center center","background-size":"auto","background-attachment":"scroll","background-type":"","background-media":"","overlay-type":"","overlay-color":"","overlay-opacity":"","overlay-gradient":""},"mobile":{"background-color":"","background-image":"","background-repeat":"repeat","background-position":"center center","background-size":"auto","background-attachment":"scroll","background-type":"","background-media":"","overlay-type":"","overlay-color":"","overlay-opacity":"","overlay-gradient":""}},"ast-content-background-meta":{"desktop":{"background-color":"var(--ast-global-color-4)","background-image":"","background-repeat":"repeat","background-position":"center center","background-size":"auto","background-attachment":"scroll","background-type":"","background-media":"","overlay-type":"","overlay-color":"","overlay-opacity":"","overlay-gradient":""},"tablet":{"background-color":"var(--ast-global-color-4)","background-image":"","background-repeat":"repeat","background-position":"center center","background-size":"auto","background-attachment":"scroll","background-type":"","background-media":"","overlay-type":"","overlay-color":"","overlay-opacity":"","overlay-gradient":""},"mobile":{"background-color":"var(--ast-global-color-4)","background-image":"","background-repeat":"repeat","background-position":"center center","background-size":"auto","background-attachment":"scroll","background-type":"","background-media":"","overlay-type":"","overlay-color":"","overlay-opacity":"","overlay-gradient":""}},"footnotes":""},"class_list":["post-251","page","type-page","status-publish","hentry"],"_links":{"self":[{"href":"https:\/\/filosofia.uem.mz\/index.php\/wp-json\/wp\/v2\/pages\/251","targetHints":{"allow":["GET"]}}],"collection":[{"href":"https:\/\/filosofia.uem.mz\/index.php\/wp-json\/wp\/v2\/pages"}],"about":[{"href":"https:\/\/filosofia.uem.mz\/index.php\/wp-json\/wp\/v2\/types\/page"}],"author":[{"embeddable":true,"href":"https:\/\/filosofia.uem.mz\/index.php\/wp-json\/wp\/v2\/users\/1"}],"replies":[{"embeddable":true,"href":"https:\/\/filosofia.uem.mz\/index.php\/wp-json\/wp\/v2\/comments?post=251"}],"version-history":[{"count":0,"href":"https:\/\/filosofia.uem.mz\/index.php\/wp-json\/wp\/v2\/pages\/251\/revisions"}],"wp:attachment":[{"href":"https:\/\/filosofia.uem.mz\/index.php\/wp-json\/wp\/v2\/media?parent=251"}],"curies":[{"name":"wp","href":"https:\/\/api.w.org\/{rel}","templated":true}]}}